et l be u(-5). Let g(j) = -j + 9. Determine g(l).
4
Let o(n) = n**2 + n. Let u(r) = -r**3 + 4*r**2 + r + 1. Let j be u(4). Suppose -7*c = -3*c + 2*v + 22, -j*v - 31 = 2*c. Determine o(c).
6
Let g(b) be the first derivative of b**2/2 - 10*b + 20. Determine g(9).
-1
Let i(x) = x**2 - 7*x - 10. Let q be i(8). Let j = q - -7. Let m(z) = z**3 - 4*z**2 - 5*z - 6. Give m(j).
-6
Let b(s) = -s - 2. Suppose 0 = j + 3 - 2, -x + j = -5. Determine b(x).
-6
Let u(n) = 2*n**2 - 3*n - 4. Let b be (-2 - (-2 - -6))/(27/(-18)). Give u(b).
16
Suppose 0*m + 2*m = 2. Let s = m - 1. Let q be s + (-3)/(-3) - 1. Let v(w) = w + 2. Determine v(q).
2
Suppose -2*k + 2*z + 11 = 3*k, 2 = -2*k + 4*z. Let w(s) = -5*s**2 + k + s**3 - s + 4*s**2 + 2*s**2 + 2*s. What is w(0)?
3
Suppose -n + 5*k + 9 = 0, -n - 3*k = k. Let i(o) be the third derivative of 1/4*o**n - 3*o**2 + 0*o + 1/60*o**5 + o**3 + 0. Calculate i(-5).
1
Let a(j) = -j**2 + 10*j - 12. Let m be a(9). Let t(r) = 2 + r**2 + 3 + 4*r + 1 - 5. Give t(m).
-2
Suppose 0 = -2*i + 18 - 8. Let h(r) = r**3 - 6*r**2 + 6*r - 5. Give h(i).
0
Let h(k) = -k**2 - k - 2. Let x be (-38)/6 + (-4)/6. Suppose -3*b + 23 = b + 3*u, -4*b - u + 21 = 0. Let l = x + b. Give h(l).
-4
Let p(b) be the first derivative of b**3/6 + 3*b**2/2 + 8*b - 10. Let x(g) be the first derivative of p(g). Determine x(-6).
-3
Let f(o) = o**3 - 7*o**2 + 4*o + 8. Let q be (-280)/(-45) - (-6)/(-27). Suppose 5*s - 4*s = q. What is f(s)?
-4
Suppose 6*g - 8 = 5*g - 5*t, -5*g - 4*t = 2. Let y be ((-5)/(-2) + -3)*g. Let s(z) = 6*z**3 - 2*z**2 + 2*z - 1. Give s(y).
5
Let z(r) be the third derivative of -3*r**5/20 - r**4/12 - r**3/6 + 39*r**2. Suppose 5*j + 7 = -c, 0 = -j + 3*c + 4 + 1. Determine z(j).
-8
Let o(h) = 9*h**2 + 7*h + 14. Let x(g) = 5*g**2 + 3*g + 7. Let d(w) = 4*o(w) - 7*x(w). Let i(j) = -j**3 + j. Let r be i(2). Determine d(r).
1
Suppose f - 19 = -x - 4*x, -4*x - 1 = -f. Let c(y) = 2*y**2 - 2*y + 5. Let g(t) = -t**2 + t - 2. Let j(n) = f*g(n) + 4*c(n). Determine j(2).
0
Let j(c) = 6*c + 3. Let n(i) = -7*i - 3. Let z(u) = 6*j(u) + 5*n(u). Let q = 3 - 9. Let g = 2 + q. Determine z(g).
-1
Suppose -2*a + 169 = a - 5*c, 2*c = 2. Suppose 0 = -5*l + a + 92. Suppose -2*w - 3*w + l = 0. Let k(b) = 2*b - 4. Determine k(w).
8
Let r(w) = -17*w. Suppose 21 - 32 = -11*n. Determine r(n).
-17
Let p(k) = -4*k**3 - 11*k**2 - 5*k + 4*k**2 + 3*k**3 - 2*k. Determine p(-5).
-15
Let w(x) = -x**2 + 8*x - 1. Let f be w(6). Let i be (2/6)/(f/66). Let d(b) = 2*b - 3. Calculate d(i).
1
Let l(w) = 2*w**3 + 2*w**2 + 2. Let m = -2 - -2. Suppose m = 5*j + 39 - 9. Let u = j - -4. Calculate l(u).
-6
Let g(x) = 4*x**3 - 7*x**2 + 7*x + 7. Let c(p) = p**2 + 5*p + 4. Let v be c(-3). Let r(u) = u**3 - 2*u**2 + 2*u + 2. Let n(o) = v*g(o) + 7*r(o). What is n(0)?
0
Suppose 0 = 4*b - 2*b - 54. Suppose 2*u - 5 - 3 = 0, 5*j - b = -3*u. Suppose -j*p + 0*p = 18. Let k(d) = -d - 7. Calculate k(p).
-1
Let b = -1 + 1. Let w = 12 - 3. Let f(d) = -d + b*d - w + 2*d. Determine f(4).
-5
Let k(t) be the first derivative of -t**3/3 - t**2/2 + 3*t + 4. Let w(n) be the first derivative of k(n). Let u = -7 - -12. Give w(u).
-11
Let r be 4 + -3 + (0 - 2). Let s = r + 6. Let j(t) = -t**3 + 6*t**2 - 4*t + 2. What is j(s)?
7
Let c(y) = -2*y**2 - 6*y - 5. Let i(q) = 4*q + 2*q + 3*q**2 + 11 + 7*q + q**2. Let z(p) = 9*c(p) + 4*i(p). Determine z(-1).
-1
Let o(l) be the second derivative of 0*l**2 - 2*l + 0 - 2/3*l**3. Let t(r) = -r**3 + 4*r**2 + 2. Let p be t(4). Calculate o(p).
-8
Let z(a) be the third derivative of -a**5/60 + a**4/12 - 2*a**3/3 + 19*a**2. Determine z(3).
-7
Let u(t) = -3*t**2 - 2*t**3 - 3*t**2 + 3*t**3. Calculate u(6).
0
Let u(b) = -2*b**2 + 6*b - 3. Let i be 7 - -1 - (8 + -4). Calculate u(i).
-11
Let j(o) = -o**2 - o + 1. Let t(z) = -6*z**2 - 2*z + 7. Let s(g) = 5*j(g) - t(g). What is s(2)?
-4
Let v(m) be the first derivative of 1/2*m**2 - 2*m - 2. What is v(5)?
3
Suppose 0 = x + 4*x - 10. Let b(z) = -11*z**2 + 2*z - 5. Let w be 61/(-7) + (-4)/14. Let s(k) = 5*k**2 - k + 2. Let t(h) = w*s(h) - 4*b(h). Give t(x).
0
Let s(n) = -n - 12. Suppose 106*i + 65 = 101*i. What is s(i)?
1
Let k(q) = -11*q**2 - 7*q + 2. Let r(l) = 6*l**2 + 4*l - 1. Let o(u) = 3*k(u) + 5*r(u). Suppose 3*v - 6 = -24. Let j be (4/v)/(1/3). Determine o(j).
-9
Let z(j) = -j - 6. Let s(w) = -w + 6. Let f be s(5). Suppose -3*x + f = 10. Give z(x).
-3
Let r(l) be the first derivative of -1/2*l**2 - l - 5. Calculate r(3).
-4
Let n(i) = i**3 - 4*i**2 - 4*i - 4. Let k be n(5). Let z = 9 + -8. Let f(x) = -x + 1. Let o(g) = 7*g - 2. Let b(d) = z*o(d) + f(d). Determine b(k).
5
Let a(u) = -u - 4. Let s(o) = o - 2. Let m be s(-2). Give a(m).
0
Let w(o) = 5*o**3 - o**2 + 2*o - 1. Let a be 2/(-5) - 84/15. Let f be 29/(-4) - (-5)/20. Let c = a - f. Calculate w(c).
5
Let m(n) = n**3 - n - 1. Let w be -8 + 1 + -1 + 0. Let h = -4 - w. Let x(t) = 3*t**3 - 2*t**2 - 7*t - 7. Let s(d) = h*m(d) - x(d). Give s(-2).
-3
Let b(g) = -7*g - 2*g**2 - g**3 - 3*g**2 - 3*g**2. Calculate b(-7).
0
Let s = 28 - 28. Let d(w) = w**2 - w + 33. Give d(s).
33
Let i(x) be the second derivative of -x**5/20 - 5*x**4/12 - 5*x**3/6 - x**2 - 8*x. Suppose -4*z = -3*g + 21, 5*z + 3 = -6*g + 2*g. What is i(z)?
-5
Let k(m) = 5*m**3 - 11*m**2 + 5*m - 14. Let y(w) = -4*w**3 + 10*w**2 - 4*w + 13. Let v(h) = -3*k(h) - 4*y(h). Determine v(7).
-3
Let w(t) = t**3 - 4*t**2 - 6*t - 4. Suppose -i + 0*i = 9. Let h be (3/i)/(1/(-15)). Determine w(h).
-9
Let x(d) = d**3 - 6*d**2 + 3*d + 2. Suppose -9 + 19 = 2*t. What is x(t)?
-8
Let z(c) = 2*c**2 - 3*c - 1. Let n(f) = f**3 + 4*f**2 - f + 5. Let j be n(-4). Suppose -j = -3*v - 0. Calculate z(v).
8
Let y = 25 - 28. Let m(d) = d**2 + 4. Give m(y).
13
Let h(z) = -5*z + 8. Let k(x) = -14*x + 23. Let m(u) = 11*h(u) - 4*k(u). Determine m(8).
4
Let w(h) = 0 + h**2 - 1 - 3*h - h. Let r be (-18)/(-3)*2/4. Determine w(r).
-4
Let s(b) be the third derivative of -b**4/8 - b**3/3 - 16*b**2. Calculate s(-5).
13
Let h be (12/(-8))/(2/(-4)). Let p(d) = 2*d**2 - 3*d + 3. Give p(h).
12
Let m(s) = -25 + s**2 + s + 26 - 3*s**2 + s**3. Calculate m(2).
3
Let j(x) be the first derivative of -x**3/2 + 2*x**2 - 7*x - 3. Let r(p) be the first derivative of j(p). Determine r(5).
-11
Let s(i) = 2*i**2 - 1 - i - i**2 + 0 - i. Let z = 2 - 0. What is s(z)?
-1
Let i(m) be the second derivative of m**5/20 + m**4/2 + 2*m**3/3 - 5*m. Give i(-5).
5
Let v(p) be the second derivative of -5/12*p**4 + 0 - 1/3*p**3 - p - 1/20*p**5 + 5/2*p**2. Determine v(-4).
-3
Let z(s) = -s**3 + s**2 - 6. Let h be 1 + (3 - (3 - -1)). Give z(h).
-6
Let b(k) = -5*k + 1. Let f(g) = g. Let u(v) = -b(v) - 6*f(v). What is u(6)?
-7
Let l(o) be the third derivative of -o**5/60 - 17*o**4/24 - 10*o**3/3 - 2*o**2 + 6*o. Determine l(-16).
-4
Suppose 2*p = -4*p + 6. Let z(v) = -15*v + 0 + 0 + 20*v. Give z(p).
5
Let f(q) be the second derivative of 0 - q + 9/2*q**2 + 1/6*q**3. Calculate f(-4).
5
Let p(q) be the second derivative of q**5/5 - q**3/6 + 79*q + 2. Let u(y) = y**2 + 3*y + 1. Let k be u(-3). Give p(k).
3
Let h(w) be the first derivative of w**4/4 - w**3 - w**2/2 + 4*w + 1. Let q be (-2)/(-12) - 106/(-12). Suppose -q = -0*j - 3*j. Calculate h(j).
1
Let c = -30 + 42. Suppose 12 = -4*i - x, 3*i - c = 5*i + 2*x. Let s(a) = a + 2. What is s(i)?
0
Let y(x) be the first derivative of -x**4/4 - x**2/2 - 16*x - 16. Give y(0).
-16
Suppose 0 = u + 5*f - 6, 0 = 5*u + 3*f - 14 + 6. Let l(x) = -2*x - x - x - u. Give l(-2).
7
Let j(l) = -l**2 - 3*l. Let i be j(-3). Let b be 8 - 2/(8/12). Suppose -5*r - b*a - 35 = i, 2*a = 5*r + 9 + 12. Let p(m) = -m**2 - 6*m - 3. Calculate p(r).
2
Let g(i) be the third derivative of -i**4/12 - i**3/3 + 18*i**2. Give g(-2).
2
Suppose 15 = 4*u - 3*h, 0 = 3*u - 4*h - 5 - 8. Suppose -u = 3*k + 3. Let b(d) = d + 2. Calculate b(k).
0
Let h(q) = 2*q**2 - 2*q - 3. Let d be h(3). Suppose -5*g = -d*g + 20. Let p(k) = k**2 - 5*k + 5. Give p(g).
5
Let u(b) be the first derivative of -1/12*b**4 - 1/120*b**5 + 0*b**2 + 0*b - b**3 + 3. Let i(w) be the third derivative of u(w). Give i(-2).
0
Let g(m) = m**2 + m - 2. Suppose x + 25 = 6*x. Suppose 2*s - 4*t = -20, 4 = s - x*t + 26. Give g(s).
0
Let q(w) be the second derivative of 0 + 1/6*w**3 - 2*w + 3*w**2. Determine q(-4).
2
Let l(g) = 2*g + 4. Let k 